ors of 234?
2, 3, 13
What are the prime factors of 105055?
5, 21011
What are the prime factors of 1468?
2, 367
List the prime factors of 35447.
35447
What are the prime factors of 387?
3, 43
What are the prime factors of 885?
3, 5, 59
List the prime factors of 121188.
2, 3, 10099
List the prime factors of 348.
2, 3, 29
What are the prime factors of 26310?
2, 3, 5, 877
List the prime factors of 3928.
2, 491
What are the prime factors of 36746?
2, 19, 967
What are the prime factors of 4057?
4057
List the prime factors of 24613.
151, 163
What are the prime factors of 77717?
23, 31, 109
List the prime factors of 11135.
5, 17, 131
List the prime factors of 4141.
41, 101
List the prime factors of 1178.
2, 19, 31
What are the prime factors of 49484?
2, 89, 139
List the prime factors of 18381.
3, 11, 557
List the prime factors of 87115.
5, 7, 19, 131
What are the prime factors of 23864?
2, 19, 157
List the prime factors of 5427.
3, 67
What are the prime factors of 811?
811
What are the prime factors of 3267?
3, 11
What are the prime factors of 206?
2, 103
What are the prime factors of 775?
5, 31
What are the prime factors of 12639?
3, 11, 383
What are the prime factors of 28250?
2, 5, 113
What are the prime factors of 71483?
71483
List the prime factors of 19162.
2, 11, 13, 67
What are the prime factors of 11080?
2, 5, 277
List the prime factors of 32230.
2, 5, 11, 293
What are the prime factors of 1318?
2, 659
What are the prime factors of 381?
3, 127
List the prime factors of 1841.
7, 263
List the prime factors of 4184.
2, 523
List the prime factors of 6748.
2, 7, 241
What are the prime factors of 46270?
2, 5, 7, 661
What are the prime factors of 31297?
7, 17, 263
List the prime factors of 3590.
2, 5, 359
List the prime factors of 1280.
2, 5
List the prime factors of 2164.
2, 541
What are the prime factors of 71851?
13, 5527
What are the prime factors of 33667?
131, 257
What are the prime factors of 1038?
2, 3, 173
List the prime factors of 4885.
5, 977
What are the prime factors of 940?
2, 5, 47
List the prime factors of 89956.
2, 43, 523
List the prime factors of 1637.
1637
List the prime factors of 78327.
3, 967
What are the prime factors of 1959?
3, 653
What are the prime factors of 837?
3, 31
What are the prime factors of 33980?
2, 5, 1699
What are the prime factors of 3664?
2, 229
List the prime factors of 6174.
2, 3, 7
What are the prime factors of 64187?
64187
What are the prime factors of 8307?
3, 13, 71
List the prime factors of 2748.
2, 3, 229
List the prime factors of 19929.
3, 7, 13, 73
List the prime factors of 5057.
13, 389
List the prime factors of 13146.
2, 3, 7, 313
List the prime factors of 20175.
3, 5, 269
What are the prime factors of 2597?
7, 53
List the prime factors of 41251.
7, 71, 83
List the prime factors of 1803.
3, 601
List the prime factors of 54117.
3, 7, 859
List the prime factors of 575.
5, 23
What are the prime factors of 11966?
2, 31, 193
What are the prime factors of 1963?
13, 151
List the prime factors of 3079.
3079
List the prime factors of 16628.
2, 4157
What are the prime factors of 742?
2, 7, 53
List the prime factors of 16379.
11, 1489
What are the prime factors of 2544?
2, 3, 53
List the prime factors of 15309.
3, 7
What are the prime factors of 5128?
2, 641
What are the prime factors of 1291?
1291
List the prime factors of 2356.
2, 19, 31
List the prime factors of 4050.
2, 3, 5
List the prime factors of 6801.
3, 2267
What are the prime factors of 52536?
2, 3, 11, 199
List the prime factors of 5457.
3, 17, 107
What are the prime factors of 787?
787
What are the prime factors of 976?
2, 61
What are the prime factors of 1104?
2, 3, 23
List the prime factors of 61414.
2, 30707
What are the prime factors of 11179?
7, 1597
List the prime factors of 611.
13, 47
What are the prime factors of 58704?
2, 3, 1223
What are the prime factors of 14864?
2, 929
List the prime factors of 198854.
2, 19, 5233
What are the prime factors of 1208?
2, 151
List the prime factors of 5839.
5839
What are the prime factors of 63170?
2, 5, 6317
List the prime factors of 2110.
2, 5, 211
What are the prime factors of 7873?
7873
What are the prime factors of 883?
883
What are the prime factors of 74993?
19, 3947
What are the prime factors of 8488?
2, 1061
What are the prime factors of 2078?
2, 1039
List the prime factors of 16444.
2, 4111
List the prime factors of 1605.
3, 5, 107
List the prime factors of 504.
2, 3, 7
List the prime factors of 724.
2, 181
List the prime factors of 688.
2, 43
List the prime factors of 49084.
2, 7, 1753
List the prime factors of 7152.
2, 3, 149
What are the prime factors of 27193?
71, 383
What are the prime factors of 1145?
5, 229
List the prime factors of 6004.
2, 19, 79
What are the prime factors of 2163?
3, 7, 103
List the prime factors of 35254.
2, 17627
What are the prime factors of 1119?
3, 373
What are the prime factors of 687?
3, 229
List the prime factors of 17008.
2, 1063
What are the prime factors of 121407?
3, 11, 13, 283
List the prime factors of 23389.
19, 1231
List the prime factors of 6695.
5, 13, 103
What are the prime factors of 40442?
2, 73, 277
List the prime factors of 11319.
3, 7, 11
What are the prime factors of 148379?
7, 11, 41, 47
List the prime factors of 159.
3, 53
What are the prime factors of 32404?
2, 8101
What are the prime factors of 5138?
2, 7, 367
List the prime factors of 111.
3, 37
What are the prime factors of 605?
5, 11
What are the prime factors of 144?
2, 3
List the prime factors of 5726.
2, 7, 409
List the prime factors of 5125.
5, 41
What are the prime factors of 1047?
3, 349
List the prime factors of 480.
2, 3, 5
What are the prime factors of 3163?
3163
List the prime factors of 5266.
2, 2633
List the prime factors of 102599.
7, 14657
What are the prime factors of 16426?
2, 43, 191
List the prime factors of 237.
3, 79
What are the prime factors of 893?
19, 47
List the prime factors of 533.
13, 41
List the prime factors of 163470.
2, 3, 5, 5449
List the prime factors of 1054.
2, 17, 31
List the prime factors of 43321.
43321
List the prime factors of 20670.
2, 3, 5, 13, 53
What are the prime factors of 742?
2, 7, 53
List the prime factors of 5722.
2, 2861
List the prime factors of 110565.
3, 5, 7, 13
What are the prime factors of 12918?
2, 3, 2153
List the prime factors of 18635.
5, 3727
List the prime factors of 1074.
2, 3, 179
List the prime factors of 1640.
2, 5, 41
List the prime factors of 3893.
17, 229
List the prime factors of 1521.
3, 13
What are the prime factors of 6311?
6311
What are the prime factors of 1550?
2, 5, 31
List the prime factors of 2971.
2971
List the prime factors of 12912.
2, 3, 269
List the prime factors of 2554.
2, 1277
What are the prime factors of 1765?
5, 353
What are the prime factors of 12873?
3, 7, 613
What are the prime factors of 12886?
2, 17, 379
What are the prime factors of 3012?
2, 3, 251
List the prime factors of 1029.
3, 7
List the prime factors of 2017.
2017
List the prime factors of 4145.
5, 829
List the prime factors of 16243.
37, 439
List the prime factors of 3880.
2, 5, 97
List the prime factors of 30584.
2, 3823
List the prime factors of 1222.
2, 13, 47
List the prime factors of 17955.
3, 5, 7, 19
What are the prime factors of 1519?
7, 31
What are the prime factors of 1138?
2, 569
List the prime factors of 603.
3, 67
List the prime factors of 86912.
2, 7, 97
What are the prime factors of 66059?
7, 9437
What are the prime factors of 729?
3
List the prime factors of 75023.
13, 29, 199
List the prime factors of 32447.
71, 457
What are the prime factors of 2198?
2, 7, 157
What are the prime factors of 22402?
2, 23, 487
What are the prime factors of 10767?
3, 37, 97
What are the prime factors of 7014?
2, 3, 7, 167
List the prime factors of 10204.
2, 2551
List the prime factors of 31512.
2, 3, 13, 101
List the prime factors of 55286.
2, 7, 11, 359
List the prime factors of 39.
3, 13
What are the prime factors of 94687?
94687
List the prime factors of 1626.
2, 3, 271
List the prime factors of 151512.
2, 3, 59, 107
What are the prime factors of 3576?
2, 3, 149
List the prime factors of 59842.
2, 29921
List the prime factors of 769.
769
List the prime factors of 9678.
2, 3, 1613
List the prime factors of 6218.
2, 3109
What